re the prime factors of w?
7, 53
Let u = -1394 - -4125. List the prime factors of u.
2731
Suppose 0*v - 216 = -4*v. Suppose -n + 373 = -v. List the prime factors of n.
7, 61
Let g = 3329 - -7745. What are the prime factors of g?
2, 7, 113
Let o(y) = -y**3 + 11*y + 7. Let m be o(-3). Suppose -3*w + 38 = -10. Suppose 0 = d - 4*s - m, -s + 3 = -d + w. What are the prime factors of d?
17
Let v(s) = 9920*s - 2445. What are the prime factors of v(8)?
5, 15383
Let f(p) be the second derivative of 19*p**5/20 + p**4/6 + p**3/3 - 2*p**2 - 23*p. Let w be f(2). Let n = -43 + w. What are the prime factors of n?
3, 13
Suppose 0 = -2*t - 6, -3*m - 1320 = -3*t - 165. Let l = m + 692. What are the prime factors of l?
2, 19
Let q = 8284 - -4860. List the prime factors of q.
2, 31, 53
Let m be -1*(2 + 4/(-2)). Let i be (m + 1)*(-4)/(-4 - 0). What are the prime factors of ((-22)/4)/(i/(-42))?
3, 7, 11
List the prime factors of 0 + (-21)/28 - (-5)/20*223283.
2, 5, 2791
Let m be 9*(-2)/(-8)*4. What are the prime factors of 15/45 + 4011/m?
2, 223
Let u be ((-28)/(-4))/(1/(-2)). Let k(h) be the third derivative of -5*h**4/24 + h**3/6 - 12*h**2 + 18. List the prime factors of k(u).
71
Let x = -16 - -8. Let w(a) = a**3 + 7*a**2 - 9*a + 4. Let p be w(x). List the prime factors of 394/p + (-13)/(-78).
3, 11
Suppose 0 = 170*o - 126*o - 356532. List the prime factors of o.
3, 37, 73
Let l(y) = 4*y**3 + 3*y**2 + 37*y - 225. List the prime factors of l(7).
1553
Let i = 37 - 25. Let d = i - 9. Suppose d*p = 131 + 163. List the prime factors of p.
2, 7
Let t(c) be the third derivative of c**6/120 + c**5/4 + c**4/6 + 19*c**3/6 - 3*c**2 + 1. What are the prime factors of t(-12)?
13, 31
Let t be (0/2 - 1)/((-1)/11). Let r = t - 10. Let l = 47 + r. What are the prime factors of l?
2, 3
Let h(i) = 12*i**2 + 98*i - 274. What are the prime factors of h(34)?
2, 5, 1693
Let d be 4 + -1 + (-3)/3. Suppose -5*o - 91 + 306 = -5*b, 0 = 5*o - b - 215. Suppose d*y = o + 85. What are the prime factors of y?
2
Suppose -m + 9 = -2*u, -2*u - 2*u = 2*m - 34. Suppose -m*n + 4 = -11*n. Suppose l - 280 = -n*i - 3*l, 3*l + 135 = i. List the prime factors of i.
2, 3, 23
Let p(j) = j**2 - j + 1. Let l(r) = 3*r**3 - 9*r**2 + 9*r - 3. Let m(w) = l(w) + 3*p(w). What are the prime factors of m(4)?
2, 3, 5
Suppose 57406 = 2*i - f, -5 = 7*f + 23. List the prime factors of i.
3, 1063
Suppose -2*l = -33 + 23. List the prime factors of (l - (1 + 3))*403.
13, 31
Suppose -36*l + 40*l - 43548 = -y, -2*l = 2*y - 21774. List the prime factors of l.
3, 19, 191
Let b(k) = 11*k**2 + 25*k + 19. Let a be b(-16). Suppose -1576 - a = -21*c. List the prime factors of c.
191
Let d(n) = -239*n - 1299. List the prime factors of d(-114).
3, 31
Suppose 90182 = 2*y + 5*w, 3*w = -5*y + 31364 + 194110. What are the prime factors of y?
2, 3, 1879
Let x = 2606 - -607. List the prime factors of x.
3, 7, 17
Suppose u = -2*r + 1888, 9*r = -u + 14*r + 1874. Suppose 39*q + 4*h + 1924 = 41*q, -2*q - 4*h = -u. What are the prime factors of q?
2, 7, 17
Let b(t) = -31 + 1 - 72*t + 70*t. What are the prime factors of b(-18)?
2, 3
Suppose -1360 = -6*n + 458. Suppose 2*s + 3*m - 613 = 0, 2*s - 3*s + 2*m + n = 0. What are the prime factors of s?
5, 61
Suppose 2 = -5*j + 12, 5*f + 5*j + 40 = 0. Let y = 91 - 27. List the prime factors of -1 + 1/1 - (f - y).
2, 37
Let r = 255 - 223. Let f(q) = q**2 - 24*q + 110. What are the prime factors of f(r)?
2, 3, 61
Suppose -3*i = 3*p + 122 - 1121, 3*i - 1015 = p. What are the prime factors of i?
337
Suppose -n + 32240 = -12*n + 21*n. What are the prime factors of n?
2, 13, 31
Suppose -7*o + 345698 = 129517. What are the prime factors of o?
89, 347
Let q = 57 - 57. What are the prime factors of q - ((-1)/6 + 17413/(-66))?
2, 3, 11
Let c = -1853 - -1700. Let n(q) = q**3 + 3*q**2 - 6*q - 1. Let o be n(-4). List the prime factors of 0 - 3 - (o + c).
11, 13
Suppose 2*c = 126 + 26. Let k = -16 + c. Suppose 5*n = 4*t - 107, 2*t + 3*n + 1 = k. List the prime factors of t.
2, 7
Let s be ((-57)/76)/((-22)/16 + 1). Suppose -2 = -u + 2*u + s*q, u + 3*q + 7 = 0. Suppose 0 = -5*a + 82 + u. List the prime factors of a.
2, 3
Let i(x) = x - 2. Suppose -2*d + 14 = 4*g, 7*d + g = 2*d - 1. Let j be i(d). What are the prime factors of (0 - j)*1 - (-114)/3?
41
What are the prime factors of 128/(-6)*(-17793)/2*(-47)/(-141)?
2, 3, 659
Suppose -3*k + 2041 = -5*g, 4*g - 41 = 2*k - 1405. Let y = 894 - k. List the prime factors of y.
2, 3, 37
Let g(x) = -x**3 - 12*x**2 + 11*x - 22. Let i be g(-13). Suppose i = -2*b, 5*k - 4*k - 344 = -4*b. What are the prime factors of k?
2, 11
Suppose 0 = -5*f + 5, -25*f + 28*f - 19 = -2*o. List the prime factors of (-6)/o + (-282625)/(-380).
743
Let u(o) = 2*o**3 - 2*o**2 - 2*o. Let z be u(4). Let k be (-5)/(10/(-104)) + 0. Let r = z + k. What are the prime factors of r?
2, 5, 7
Let n be (-6 + 8)/(1 - (3 - 3)). List the prime factors of (3938/33)/(n/3).
179
Let p be (9/(-21))/(1/(-7)). Suppose -3*u = 4*d - 930, -5*d + 1545 = p*u + 2*u. What are the prime factors of u?
2, 3, 17
Let b = -630 - -1299. Suppose 2*i - 1359 = 5*y, -b = -4*i - 2*y + 2085. What are the prime factors of i?
3, 229
Let r = -3255 + 9019. What are the prime factors of r?
2, 11, 131
What are the prime factors of 15092 + 0 - (-17 + 10)?
3, 7, 719
Let b(m) = 1227*m + 37. Let o be b(4). Suppose -o = 162*t - 167*t. What are the prime factors of t?
23, 43
Suppose -j - 3*d = -74660, -199*j = -194*j - 5*d - 373320. What are the prime factors of j?
197, 379
Let a = -1427 + 1993. What are the prime factors of a?
2, 283
Let p(u) = 13*u + 57. Let l be p(-4). Suppose -l*y - 3*r + 2661 = -r, y = 2*r + 525. What are the prime factors of y?
3, 59
Let w = -3854 - -23770. List the prime factors of w.
2, 13, 383
Let g(o) = -7*o + 19. Let c be g(4). Let k = 9 + c. Suppose 408 = 4*a - k*a. List the prime factors of a.
2, 3, 17
Suppose -2*l = -4*y + 6306 - 33354, y + 40572 = 3*l. List the prime factors of l.
2, 3, 7, 23
Let a = -24705 - -39105. What are the prime factors of a?
2, 3, 5
Suppose -4*o = 3*z - 14, -2*z + 0*o - 3*o + 10 = 0. Suppose -z*b + 131 = -2*s + 3*s, -2 = -b. What are the prime factors of s?
127
Let r(s) = 15546*s**2 + 138*s - 272. What are the prime factors of r(2)?
2, 7, 2221
Suppose -4*b = 5*h - 100192 + 20498, -79658 = -4*b + h. What are the prime factors of b?
2, 13, 383
Let c(d) = 37*d**2 - 21 - 58*d - 78*d**2 + 43*d**2 + 0. What are the prime factors of c(34)?
11, 29
Let c(l) = -l**3 - 3*l**2 + 16*l + 52. Let q be c(-4). Let p(m) = 3*m**3 - 6*m**2 + 3*m + 3. List the prime factors of p(q).
3, 37
Let p = 301 - 307. List the prime factors of 3270/4*(p - 374/(-55)).
2, 3, 109
Let k(c) be the first derivative of c**2 + 13*c + 11. Let z be k(-4). What are the prime factors of 358/z - 24/40?
71
Suppose -2*x + 10135 = 3*x. Suppose 0 = -3*y - 0*l + 2*l + x, 0 = 5*y - 2*l - 3381. List the prime factors of y.
677
Let i(s) = 10*s**2 - 9*s + 48. Let o be i(15). Let n = o + -1187. What are the prime factors of n?
2, 61
Let w(d) be the second derivative of 0 - 1/2*d**3 - 1/4*d**5 + d - 5/12*d**4 - 1/2*d**2. What are the prime factors of w(-3)?
2, 7
Let o = 27116 - 16228. What are the prime factors of o?
2, 1361
Let a = 119056 + -58359. List the prime factors of a.
7, 13, 23, 29
Suppose -126*x - 413697 = -486*x + 901023. What are the prime factors of x?
2, 11, 83
Suppose -q + 2*q = 4*d + 14, -3*q = -2*d - 52. Let w be (-141)/(-27) + -5 - (-32)/q. Suppose -t + 257 = -w*g, 2*t = t + 4*g + 267. List the prime factors of t.
13, 19
List the prime factors of (1470/(-20) + 4)*-252 + 3.
3, 5839
Let g(t) = -2*t - 1. Let s(b) = -16*b - 309. Let y(r) = 4*g(r) - s(r). List the prime factors of y(0).
5, 61
Let x(a) = a**3 - 2*a**2 - 3*a + 2. Let g be x(-5). Let l = g - -312. What are the prime factors of l?
2, 7, 11
What are the prime factors of ((-1)/((-14)/(-4)) - 343650/(-21)) + -3?
16361
Let a = -212 - -197. Let t = 42 + -41. What are the prime factors of t + ((-72)/a)/((-2)/(-20))?
7
Let m = 66 + -62. Let w(k) = k**3 + 6*k**2 - 6*k. Let l be w(m). Suppose 0 = 4*x - 6*x + l. List the prime factors of x.
2, 17
Let k = 45 - 40. Suppose 0 = 2*c + v - 620, 599 + 952 = k*c + 2*v. List the prime factors of c.
311
Let p(w) = -w**3 - 4*w**2 - 2*w - 1. Let